 - -7) - 25.
24
Calculate (-8 + 1 - (-10 - -3)) + 2.
2
Evaluate (-5 - 14 - -16) + -8 + 0.
-11
5 + 9 + -36 - -5
-17
Calculate 15 + -28 + 14 - -7.
8
-8 - -1 - (-7 + (-1 - -9) + 6)
-14
0 - (-3 - 0) - -19
22
What is the value of (3 - (-10 + -5)) + -9 + (2 - -2)?
13
Evaluate -18 + 12 + 6 - 9.
-9
What is -3 - 1 - ((16 - (4 + 3)) + -23)?
10
(1 - -24) + -2319 + 2325
31
What is the value of 28 - (-5 + 18 + 28)?
-13
Calculate 1 + 1 + 1 + (1086 - 1082).
7
Evaluate -12 + 2 - (24 + (18 - 66)).
14
What is the value of 1 + 0 - (-1 + 11 - (-21 + 46))?
16
Calculate 260 + -269 + (3 + 30 - 3).
21
What is -18 - (-10 + (37 - 35))?
-10
8 + -10 + 10 + -2
6
What is (3 - (-4 - (-3 - -6) - -6)) + -5?
-1
((-10 - -2) + -7 - -19) + 3
7
Calculate 22 + -16 + -11 + -6 - -25.
14
Evaluate -30 + 37 + -33 + 5.
-21
What is the value of (1 - (6 + -2 + -4)) + 1?
2
What is (-1 + 3 - 7) + (20 - 21) + 5?
-1
Evaluate 14 + 2 + 3 + -7.
12
Evaluate 15 - -4 - 30 - (0 + -22).
11
What is (-1 - -2) + -3 - (-73 - -85 - 19)?
5
Evaluate -15 + (-2 - -39) + -1.
21
What is -19 + 7 + -7 + 15?
-4
What is the value of (-40 - (37 - 70)) + (14 - 1)?
6
What is the value of 0 + 7 + 11 + (-4 - 14) - 8?
-8
Evaluate 3 - -27 - (-18 - -73).
-25
What is (-18 - -70) + -23 - (8 + 0)?
21
Evaluate -26 - (-14 + 1 + -131 + 137).
-19
What is the value of -25 - -1 - (-15 - (1 - (-8 - -19)))?
-19
8 - (29 + -53 + 25)
7
Calculate (0 - -1) + 4 + -28 + -14 + 45.
8
Evaluate 17 + (-5 - 0) + -19.
-7
Evaluate (-12 - (-6 + 1 - -2)) + -6 + 12.
-3
Evaluate -17 + (6 - (10 - 17)).
-4
Calculate -3 - (3 + 0) - (-65 - -62).
-3
What is the value of 0 - (0 + -6 + 5 - (4 - -5))?
10
What is (-1 - 14) + 8 - 3 - (-16 + -8)?
14
Evaluate 1 + -18 + (-27 - (-74 + 66)).
-36
What is the value of 55 + (-53 - -29) - 48?
-17
Evaluate 17 - (16 + -7 + 1).
7
What is the value of 11 + -9 - (0 - 21) - 9?
14
Calculate -19 - (2 + -8) - -1 - -1.
-11
Calculate -7 + 10 + -7 + 10.
6
What is the value of (-21 - -2) + 13 + 15 + -4?
5
Calculate ((4 - -5) + -20 - -45) + 1 + -11.
24
Evaluate 7 + (19 - (-1 - -17)).
10
(5 - -12) + 0 + (-5 - -7 - 10)
9
What is -17 - ((-1 - -3) + -28 + 16)?
-7
What is the value of 10 + 0 + -4 + (2 - 5)?
3
What is the value of 9 - (-13 + 0 + 19 + (-14 - -1))?
16
Evaluate 1 + 12 - (1338 - 1323).
-2
What is 1 + -2 - -1 - (658 - 661)?
3
(-13 - (-10 + 0)) + (-4 - -2) + -22
-27
Calculate (-6 - -24) + -9 + -5 + 2.
6
What is the value of 0 + (13 - 28) - 6?
-21
Calculate (8 - 21) + (-28 - -38).
-3
What is -1 - 4 - (277 + -261)?
-21
What is 21 + (-9 + -4 - -19) + -8?
19
What is the value of -30 - (11 + 17) - -32?
-26
Evaluate (11 - 1) + -4 + -6.
0
Evaluate -3 - (-17 - -8) - (1 + 1 + -11).
15
Evaluate (-25 + 36 - 30) + 0.
-19
Evaluate 18 + 3 + -17 - 13 - (1 - 12).
2
What is the value of (49 + 2 + -12 + -4 - 4) + -6?
25
Calculate 12 + -25 + 10 + 15.
12
Calculate (5 + -26 - -44) + -24.
-1
Evaluate -23 + 16 + 2 - -6.
1
What is the value of -220 + 259 + 1 + -25?
15
Evaluate (0 - 1 - (-4 - 9)) + -136 + 135.
11
Evaluate -13 - (-7 - (-1 - 2)).
-9
Evaluate -7 + (30 - (-1 + 10) - 9).
5
What is the value of (20 - 52) + (40 - 23)?
-15
Evaluate (-26 - 24 - -34) + 4.
-12
What is the value of 0 + 1 - (-11 - ((-6 - -6) + 1))?
13
Calculate -3 - (-1 - (-15 + 11)) - -1.
-5
Calculate (13 - 21) + 13 - (-8 + 0 - 1).
14
(-1 - (-6 + -2)) + -22 + 33
18
10 + (0 - (-8 - -2)) + -5
11
What is (0 - (4 - (-5 + 7))) + 14?
12
Evaluate -14 - (0 + -3 - (17 + -15 + -5)).
-14
Calculate -15 + (-2 - 5) + 19.
-3
Evaluate -4 + 15 - (-33 + (7 - -21)).
16
4 - (-38 + 25 - (-2 + -5))
10
Evaluate 16 - (-68 + 52 - (5 - 0)).
37
-6 - (9 + -8 + -2 + 8)
-13
What is (-12 - -11 - -15) + -23?
-9
What is -21 + 17 + -7 - (2 - 6)?
-7
What is the value of (10 - (-6 + 5 + 5) - 16) + 39?
29
What is the value of -8 - (-6 + -2 + (-6 - -7) + 2)?
-3
Evaluate (-648 - -653) + (-20 - (3 + -2 - 1)).
-15
What is -9 - (-10 + (40 + -20 - 9))?
-10
9 + (45 - -2) + -47
9
What is -18 - -2 - -6 - ((2 - -1) + -12)?
-1
What is -23 + (9 - -12) + (-4 - 1)?
-7
Calculate (-40 - (0 + -24)) + -5 + 3 + -1.
-19
What is 15 - (7 - (-18 + 8) - 16)?
14
Evaluate -2 + -21 - (-2 + 5 + -12).
-14
78 + -109 - (-29 + 1)
-3
8 + -3 + -7 + -27
-29
Evaluate 19 + (-2 - 0 - -13) + -13 + 3.
20
What is the value of -114 + 105 + (15 - -2) - 3?
5
Calculate -3 - (24 - 14) - -9.
-4
What is 7 - (1 - -18 - (177 - 195))?
-30
Calculate 7 + 8 - 7 - (36 - 2) - -5.
-21
Calculate -14 - (14 + -13) - -11.
-4
Evaluate (18 + 32 - 23) + (2 - -2).
31
Evaluate (33 - 51 - (-4 + -1)) + 6.
-7
What is the value of 18 - 13 - (-6 + 34)?
-23
Calculate -7 + (-11 - -3) + (10 - -2).
-3
Evaluate (16 + 7 - 7) + -12.
4
Calculate -19 + 38 - -9 - 13.
15
1 - (-1 - -10 - 0) - (-7374 + 7375)
-9
What is -3 - (0 + 0 + -2 + 4) - -18?
13
Evaluate -16 - (-38 - -8) - 9.
5
Evaluate (-2 - -5) + (-3 - 14 - -24).
10
Evaluate -23 + (39 - (16 - 12)).
12
What is -22 + 40 + -13 + -39?
-34
Calculate -9 + (-11 - (7 - (33 + -7))) - 15.
-16
Calculate (5 - 0) + (2 - (15 - 8) - -4).
4
-14 + (-9 + 12 - 2)
-13
Evaluate 72 + -90 + (1 + 2 - -2).
-13
What is -8 + 13 + -11 + (-3 + 7 - 2)?
-4
Evaluate -4 - (4 + -4 + (6 + -6 - 0)).
-4
What is 175 + -157 - (-3 + -7) - (2 + 2)?
24
Evaluate 5 - 2 - (20 + -6 + -5 + 23).
-29
Calculate -11 + (-18 - (7 - 53 - -5)).
12
Evaluate 295 + -316 + (-2 + -1 - 1) - 0.
-25
What is -14 - (-6 + -2 + 20 + -4)?
-22
Calculate -13 + (30 - 8) - (-1 + -1).
11
What is -7 + 2 + 13 + -21 + (5 - 1)?
-9
What is -7 - (-25 - (18 + -40))?
-4
(25 - 55) + (-7 - (8 - 13 - -8))
-40
What is -10 + (-12 - (14 + -48))?
12
What is the value of 4 + (0 - 12) + -46 + 49?
-5
Evaluate -9 - -13 - 0 - (-2 + 1).
5
Evaluate (5 - -2) + (-12 - -4 - -12).
11
Evaluate 11 + -13 + 11 + (2 - 12 - -4).
3
Evaluate -8 - (-5 + 2 - (1 - 5 - -5)).
-4
What is (15 - 3) + -6 + (0 - (4 + 0))?
2
What is the value of 8 - (9 - 10 - -19 - (5 + 1))?
-4
Calculate -25 - (14 - 5 - (-1 + 7 - -8)).
-20
Evaluate 1 - (36 - (-21 - -25)).
-31
Calculate -1 + 13 + (80 - 105).
-13
-1 - (-34 - (-40 + 17))
10
Calculate 12 - (0 - -9 - 3) - -3.
9
What is the value of 400 - 394 - (19 + 1)?
-14
What is the value of -4 - (-9 - 0 - (-36 + 33) - 10)?
12
What is the value of 750 - 781 - (-2 - 26)?
-3
-35 + 29 - (-5 - 2)
1
Calculate 8 + (-33 - -10) - (0 + -14 + 3).
-4
What is 4 + 23 - (238 - 209)?
-2
What is -9 - (-1 + -1 + 1 - (-3 - -9))?
-2
What is the value of -10 - (-10 - (11 + -9))?
2
What is the value of -46 + -1 - (850 - 876)?
-21
Evaluate 16 + -17 + 0 + (-62 - -68).
5
12 - (-1 - (-5 + 24) - -12 - 12)
32
-7 + 4 + (-7 + 6 + 5 - -6)
7
What is the value of (-11 + 4 + 0 - 13) + -3?
-23
What is (-10 + 10 - (12 - 2)) + 35 + -35?
-10
What is the value of -14 + 9 + 5 + -10 + 3?
-7
Calculate 0 + -6 - (47 - 58) - 0.
5
What is the value of -6 + -16 + 53 - 11?
20
(-5 + 9 - -6) + -19 + -5
-14
Evaluate 19 - ((-3 - -16 - 2) + -4 + 0).
12
What is -6 + (-1 - (-12 + 3)) - (14 - 27)?
15
-2 - ((-14 - -7) + 16 + 1 + -4)
-8
0 + (3 - (3 - -1)) + 0 - 8
-9
What is the value of 25 - (-10 - (-17 + -4 + 2))?
16
What is the value of (403 - 408) + (-1 - 6) + 0?
-12
-1 + (-2 - -5) + (-5 - (7 - 8))
-2
Calculate -16 + (6 - -11) + -12.
-11
What is 0 - 4 - (-2 + (1 - 3) - -4)?
-4
Evaluate -5 - (-6 + -1 + 21) - (-1 + -5).
-13
What is -21 + -2 + 0 + (30 - 16)?
-9
Calculate 8 - (30 + (1 - 9)).
-14
Evaluate -26 - (-31 + -23 - -38).
-10
-305 + 297 + (1 - -13)
6
Evaluate 11 + (0 - 18) - -20.
13
What is -11 - (1 + -2 + -5) - -8?
3
What is the value of (22 + 0 - 15) + (1 + 1 - -1)?
10
-31 - (29 - 37 - 23)
0
-34 - (-5 - (60 + -19))
12
What is the value of 156 + -117 + (0 - 32)?
7
What is the value of (-1 - (-12 + 0)) + 4680 + -4686?
5
What is the value of -5 - (23 + -39 + 18)?
-7
Calculate -946 + 953 - (1 + -1 + 16).
-9
What is the value of -19 + (-18 - -35) - (1 + -16)?
13
What is the value of 2 + -16 + 32 + -25 + 10 + -4?
-1
What is -456 + 461 + (-11 - 0) + 1 + 3?
-2
Calculate 30 - (-22 + -33 + 51).
34
43 + -1 + (93 - 115)
20
Calculate -1 + -1 - (-6 - (13 + -22)) - -1.
-4
(1 - 2) + -2 - (21 - (-28 - -46))
-6
Calculate 10 - 4 - ((-11 - -1) + -11 + 3).
24
-1 + 7 + (55 + -55 - (-3 + 0))
9
Evaluate 20 - -1 - (3 + 0).
18
What is 1 - -6 - ((-64 - -109) + -35)?
-3
-9 - ((-9 - 8) + -9)
17
What is the value of -19 - ((-11 - -7) + -2)?
-13
Evaluate (-11 - (-12 + -4 + 8)) + 21 - -10.
28
What is the